- (-276)/(-7)). Suppose 0 = -4*l + 18*l - f. Suppose 2*q + d = -4*d + 4582, 0 = l*d. Is q prime?
False
Let s(h) = 2*h**2 - 5*h - 6. Let n be s(3). Let o(y) = 5*y + 17. Let j be o(n). Suppose j*r + p - 5001 = 0, 2*r - 5*r = -2*p - 7519. Is r composite?
False
Let o(j) = 5274*j**2 - 8*j - 3. Let y be o(4). Let g = y - 48279. Is g/6 + 13/(117/(-6)) prime?
True
Let g(s) = -17 - s**2 + 11 + 18 + s. Let h be g(4). Suppose h*l + 1114 = 2*l. Is l prime?
True
Let b be 32/40*(135/(-6))/3. Let s be -6*(-4)/b + 822. Let i = s - 355. Is i a composite number?
False
Let c = 64 - 60. Let h(d) = -19 + 75 - c*d + 275. Is h(0) a prime number?
True
Let w(f) = 72*f**2 + 49*f - 363. Is w(70) a prime number?
True
Suppose -4*p = -8*m + 3*m - 536894, m + 1073842 = 8*p. Is p a composite number?
True
Suppose -32 + 2 = -2*h. Suppose -10*g - 705 + h = 0. Let t = g + 122. Is t composite?
False
Let h(y) = -163*y + 1. Let n be h(-9). Suppose n + 907 = 5*g. Let v = 1512 - g. Is v prime?
False
Let b = 6058 - -507. Suppose -5*u + b + 3840 = 0. Is u a composite number?
False
Let y = -199 + 211. Is 1339 + -2 + -6 + y prime?
False
Let b be (-3 + 12 - 3) + -2. Let j(a) = 5*a**2 + 12*a + 31. Let h be j(-6). Suppose -h = -b*g + 89. Is g prime?
False
Suppose -2*f - 7727 = 3*p - 36320, 38144 = 4*p - 4*f. Is p a prime number?
True
Let r(k) = 587*k**3 + 3*k**2 + 9*k + 9. Let q(m) = -m**3 + m. Let v = -40 + 43. Let d(y) = v*q(y) - r(y). Is d(-2) a prime number?
False
Suppose 4*s - 7 - 8 = -b, -4*b + s - 25 = 0. Let p be (b/(-4))/((-8)/(-32)). Suppose -4487 = 4*m - p*m. Is m a composite number?
True
Let b(t) be the third derivative of t**6/120 - t**5/15 - 5*t**4/24 + 5*t**3/6 - 17*t**2. Let g be b(4). Is (-12)/20 - 15144/g composite?
False
Let i = 1383 - -2295. Let a = i - 2435. Is a a prime number?
False
Suppose -5*w - 3*c + 35450 = 0, w - 6638 - 430 = -5*c. Is w a composite number?
True
Suppose -t - 12 = -2*h, -5*h + 30 = -5*t + 6*t. Suppose -15244 = -h*b - 4342. Is b composite?
True
Let y(p) = 2566*p**2 + 111*p + 424. Is y(-15) prime?
False
Suppose 128*x = 62*x + 102390090. Is x a composite number?
True
Suppose -20112 = -4*v - 4*i, -5*i + 4*i + 10060 = 2*v. Suppose y + v = 4*y + 5*g, -g = -y + 1664. Is y composite?
False
Let b(o) = 4041*o + 2. Let i be b(2). Suppose -3*t - 4*v = -i, 2*v + 5390 = 2*t + 4*v. Suppose -4*u = 4*u - t. Is u a prime number?
True
Let b(u) be the first derivative of -1/2*u**2 - 11 + 2/3*u**3 + 10*u. Is b(17) composite?
False
Let g = -942 - 1606. Let u be -38*(-102 + -1)*1. Let f = g + u. Is f a prime number?
False
Suppose -36*m = 4*q - 41*m - 484536, 0 = -4*q - 2*m + 484564. Is q a prime number?
True
Suppose 4*v + 90044 = -3*s + 555066, -2*v = -4*s - 232478. Is v a composite number?
True
Let g = 1007998 + -688161. Is g a prime number?
False
Let w(s) = -63*s + 53. Let b(n) = -66*n + 55. Let j(m) = -3*b(m) + 2*w(m). Let g be (-4 - 2)*(-10)/3. Is j(g) composite?
False
Suppose 126129 = 121*u - 118*u. Is u a composite number?
False
Suppose -y = -5*x + 2290594, 150474 + 307647 = x + 2*y. Is x a prime number?
True
Let y(x) = -1315*x + 411. Let l(z) = -3947*z + 1234. Let d(u) = -4*l(u) + 11*y(u). Is d(6) a prime number?
True
Suppose -816374 = -537*b + 511*b. Is b a composite number?
True
Let d be (-451)/(-77) - 1/(-7). Suppose 3*m - 2*h = -2*m + 1126, -2*m + 463 = -5*h. Is m + (6/9)/(d/(-9)) a prime number?
True
Let q(c) = -39*c + 4. Let y be q(0). Suppose 71866 = 5*h - y*t, -35416 = -5*h - t + 36455. Is h a composite number?
True
Let l = 2068042 + -1095075. Is l prime?
True
Suppose 17*s = -78 + 27. Let h(y) be the first derivative of 338*y**3/3 - 3*y**2 + y - 1. Is h(s) composite?
False
Suppose -66*h + 2*g = -71*h + 391130, -4*h + 4*g + 312904 = 0. Is h a composite number?
True
Suppose -5*m + 2838455 = 5*f, 174*m - 178*m + 2838451 = 5*f. Is f a prime number?
False
Suppose 16 = 2*p - 3*p - 4*w, 5 = -5*p - 5*w. Suppose 4*i - 6*i = p*r - 1588, 1588 = 2*i - 5*r. Is i a prime number?
False
Let p(z) = 31*z - 10. Let s(k) = 1. Let u(i) = -p(i) - 2*s(i). Let d be u(3). Let w = 174 + d. Is w a prime number?
True
Let a(n) = -97*n - 225 + 543*n + 284. Is a(4) prime?
False
Let i = 546961 - 294350. Is i composite?
False
Let i(k) = -9*k**2 + 4*k**2 - 5*k - 2 + 2*k - 25*k**3 + 9*k**2. Let z be i(2). Let p = 391 + z. Is p a composite number?
False
Suppose -5*h - 4*y = -h + 67552, 2*h + 5*y = -33764. Is 9/(-12) + h/(-16) + -6 a composite number?
False
Let y(d) be the second derivative of -9*d**5/20 - 7*d**4/4 + 19*d**3/6 - 3*d**2/2 - 31*d + 1. Is y(-8) a composite number?
False
Let d(c) = c**3 - 48*c**2 - 71*c + 696. Let h be d(49). Let q be 1578 + 1 + -4 + 5. Let n = h + q. Is n a composite number?
True
Suppose -27*l + 17*l = 0. Let k be -75*(l + (-444)/9). Let v = k - 1571. Is v prime?
True
Let j = 613099 - 159276. Is j a prime number?
True
Let r = -2900 + 1478. Let v be -2008 + (2 + -8 + -4)/(-2). Let a = r - v. Is a composite?
True
Suppose 13*g = 140860 + 240515 - 8470. Is g composite?
True
Let d(f) = 206613*f**2 + 127*f. Is d(2) a prime number?
False
Let n = -169930 - -251997. Is n a composite number?
False
Let z(i) be the first derivative of -3/2*i**4 + 3/2*i**2 - 5/3*i**3 + 3*i - 11. Is z(-4) prime?
False
Suppose 743*i = 702*i + 10416829. Is i a prime number?
False
Suppose 8*l - 52 = 4*l. Suppose l*f - 6*f + 4396 = 0. Let y = -227 - f. Is y a prime number?
True
Let b(d) = 58*d**2 + 48*d - 43. Suppose 5*p - 180 = -80. Is b(p) a prime number?
False
Suppose 113*g - 1706605 = -g - 237259. Is g prime?
True
Let n(y) = 38469*y + 2819. Is n(2) composite?
False
Suppose -7*g + 8*g - 13*g = -1664004. Is g prime?
False
Let q(s) = -1347*s - 4978. Is q(-33) prime?
False
Let g = -408 - -318. Is -5*(-6)/g - (-8692)/3 composite?
False
Let y be 2/(-9) + 1372604/(-18). Let d = y + 108049. Is d prime?
True
Suppose -h = -5*k + 24, 9*k - 4*h = 5*k + 16. Suppose -k*p + 2*s + 42552 = -p, -2*s = p - 10633. Is p composite?
True
Is (175812/(-130))/(10/(-925)) - -4*1 composite?
False
Let d(f) = -9*f**2 + 12*f + 1. Let r be d(5). Is (-82)/r + (-29306)/(-4) + 0 a prime number?
False
Let x(c) = 27*c**2 + c + 1. Let z(s) be the second derivative of -s**5/20 + s**4/12 + s**3 + 2*s**2 - 35*s. Let i be z(3). Is x(i) prime?
False
Suppose 3*z - 162922 = a, -9*z - a = -11*z + 108615. Is z a prime number?
False
Let d(a) = 326*a + 12. Let m(b) = -b - 3. Let f(v) = d(v) + m(v). Is f(2) a composite number?
False
Suppose -m - 15 = -5*u + 15, -2*u - 10 = 4*m. Suppose -w - 11 - 10 = -u*y, 9 = y + w. Suppose y*p - 2*h - 2595 = 0, 5*h + 624 = p + 82. Is p a prime number?
False
Suppose 11*f - 156 = -2. Suppose 29*g = f*g + 27015. Is g a prime number?
True
Let z(s) = 20*s**3 + 8*s**2 + 8*s - 30. Let q be (60/(-80))/((-2)/(-16)*-1). Let g be z(q). Suppose -g = -15*o + 11469. Is o a composite number?
True
Suppose 68 - 232 = -41*c. Let p(v) = 371*v + 173. Is p(c) a composite number?
False
Suppose 0 = -h + 4*i + 3324 + 57261, 0 = 5*h + 4*i - 302949. Is h prime?
True
Let l = 4243 + -1050. Suppose 3*g = -5*t + 6316 + l, -5*g - 2*t = -15823. Is g a prime number?
True
Let i = -530 - -1382. Let m = 4927 + i. Is m composite?
False
Let u(l) = l**2 - 30*l - 37. Let f be u(32). Is (f + 1)/(-4) + 10086 composite?
False
Suppose 8*w - 5*m = 3*w - 400, -w - 3*m - 72 = 0. Let n = 82 + w. Is 5284/20 + n/5 a composite number?
True
Let r be -7 + (-12 - -8 - -7). Let z(a) = 1260*a**2 - 10*a - 39. Is z(r) a composite number?
False
Suppose -3*o + 20 = 5. Suppose 10815 = o*z + 2450. Is z a prime number?
False
Let v = 498 + -498. Suppose v = -5*g + 2813 + 3657. Is g prime?
False
Let p = 144541 - 102630. Is p prime?
True
Let k be ((-4)/(-2))/((-17)/(102/(-4))). Suppose 7*t - 3*h = 9*t - 326, -5*t + k*h + 857 = 0. Is t prime?
False
Let g = -325 + 591. Let l = g - -415. Suppose -a - s = -5*s - 665, -l = -a - 4*s. Is a a prime number?
True
Suppose 3*f + 4*z - 703589 = 0, 0 = -4*f - 34*z + 30*z + 938116. Is f a prime number?
True
Let d(o) = -o**3 - 18*o**2 - 8*o - 56. Let i be d(-18). Suppose -i*y + 80*y = -4984. Is y a prime number?
False
Suppose -311*p = -308*p - 8499. Is p a prime number?
True
Let b(g) = -60*g + 7. Let i be 1*2*1*15/(-6). Let h(x) = 2*x**2 + 9*x - 7. Let f be h(i). Is b(f) prime?
True
Suppose -2*w - 15*f = -11*f - 6626, 0 = -3*w + 2*